{"id":985,"date":"2013-06-12T18:16:52","date_gmt":"2013-06-12T17:16:52","guid":{"rendered":"http:\/\/www.amisdebudange.fr\/wordpress\/wp-content\/uploads\/2013\/06\/calendrier.jpg"},"modified":"2014-09-24T09:50:54","modified_gmt":"2014-09-24T09:50:54","slug":"calendrier","status":"inherit","type":"attachment","link":"http:\/\/www.amisdebudange.fr\/wordpress\/calendrier\/","title":{"rendered":"calendrier"},"author":1,"featured_media":0,"comment_status":"open","ping_status":"open","template":"","meta":{"ngg_post_thumbnail":0},"class_list":["post-985","attachment","type-attachment","status-inherit","hentry"],"description":{"rendered":"<p class=\"attachment\"><a href='http:\/\/www.amisdebudange.fr\/wordpress\/wp-content\/uploads\/2013\/06\/calendrier.jpg' title=\"\" data-rl_title=\"\" class=\"rl-gallery-link\" data-rl_caption=\"\" data-rel=\"lightbox-gallery-0\"><img loading=\"lazy\" decoding=\"async\" width=\"300\" height=\"204\" src=\"http:\/\/www.amisdebudange.fr\/wordpress\/wp-content\/uploads\/2013\/06\/calendrier-300x204.jpg\" class=\"attachment-medium size-medium\" alt=\"\" srcset=\"http:\/\/www.amisdebudange.fr\/wordpress\/wp-content\/uploads\/2013\/06\/calendrier-300x204.jpg 300w, http:\/\/www.amisdebudange.fr\/wordpress\/wp-content\/uploads\/2013\/06\/calendrier-150x102.jpg 150w, http:\/\/www.amisdebudange.fr\/wordpress\/wp-content\/uploads\/2013\/06\/calendrier-1024x699.jpg 1024w, http:\/\/www.amisdebudange.fr\/wordpress\/wp-content\/uploads\/2013\/06\/calendrier-600x409.jpg 600w, http:\/\/www.amisdebudange.fr\/wordpress\/wp-content\/uploads\/2013\/06\/calendrier.jpg 2048w\" sizes=\"auto, (max-width: 300px) 100vw, 300px\" \/><\/a><\/p>\n"},"caption":{"rendered":"<p>Calendrier anniversaire de l&rsquo;ann\u00e9e 1998 (ne pas se fier \u00e0 la date en haut \u00e0 droite qui correspond \u00e0 l&rsquo;ann\u00e9e du dessin de la chapelle)<\/p>\n"},"alt_text":"","media_type":"image","mime_type":"image\/jpeg","media_details":{"width":2048,"height":1399,"file":"2013\/06\/calendrier.jpg","sizes":{"thumbnail":{"file":"calendrier-150x102.jpg","width":150,"height":102,"mime_type":"image\/jpeg","source_url":"http:\/\/www.amisdebudange.fr\/wordpress\/wp-content\/uploads\/2013\/06\/calendrier-150x102.jpg"},"medium":{"file":"calendrier-300x204.jpg","width":300,"height":204,"mime_type":"image\/jpeg","source_url":"http:\/\/www.amisdebudange.fr\/wordpress\/wp-content\/uploads\/2013\/06\/calendrier-300x204.jpg"},"large":{"file":"calendrier-1024x699.jpg","width":1024,"height":699,"mime_type":"image\/jpeg","source_url":"http:\/\/www.amisdebudange.fr\/wordpress\/wp-content\/uploads\/2013\/06\/calendrier-1024x699.jpg"},"wysija-newsletters-max":{"file":"calendrier-600x409.jpg","width":600,"height":409,"mime_type":"image\/jpeg","source_url":"http:\/\/www.amisdebudange.fr\/wordpress\/wp-content\/uploads\/2013\/06\/calendrier-600x409.jpg"},"thumb-small":{"file":"calendrier-160x160.jpg","width":160,"height":160,"mime_type":"image\/jpeg","source_url":"http:\/\/www.amisdebudange.fr\/wordpress\/wp-content\/uploads\/2013\/06\/calendrier-160x160.jpg"},"thumb-medium":{"file":"calendrier-520x245.jpg","width":520,"height":245,"mime_type":"image\/jpeg","source_url":"http:\/\/www.amisdebudange.fr\/wordpress\/wp-content\/uploads\/2013\/06\/calendrier-520x245.jpg"},"thumb-large":{"file":"calendrier-720x340.jpg","width":720,"height":340,"mime_type":"image\/jpeg","source_url":"http:\/\/www.amisdebudange.fr\/wordpress\/wp-content\/uploads\/2013\/06\/calendrier-720x340.jpg"},"full":{"file":"calendrier.jpg","width":2048,"height":1399,"mime_type":"image\/jpeg","source_url":"http:\/\/www.amisdebudange.fr\/wordpress\/wp-content\/uploads\/2013\/06\/calendrier.jpg"}},"image_meta":{"aperture":0,"credit":"","camera":"","caption":"","created_timestamp":0,"copyright":"","focal_length":0,"iso":0,"shutter_speed":0,"title":"","orientation":0}},"post":null,"source_url":"http:\/\/www.amisdebudange.fr\/wordpress\/wp-content\/uploads\/2013\/06\/calendrier.jpg","_links":{"self":[{"href":"http:\/\/www.amisdebudange.fr\/wordpress\/wp-json\/wp\/v2\/media\/985","targetHints":{"allow":["GET"]}}],"collection":[{"href":"http:\/\/www.amisdebudange.fr\/wordpress\/wp-json\/wp\/v2\/media"}],"about":[{"href":"http:\/\/www.amisdebudange.fr\/wordpress\/wp-json\/wp\/v2\/types\/attachment"}],"author":[{"embeddable":true,"href":"http:\/\/www.amisdebudange.fr\/wordpress\/wp-json\/wp\/v2\/users\/1"}],"replies":[{"embeddable":true,"href":"http:\/\/www.amisdebudange.fr\/wordpress\/wp-json\/wp\/v2\/comments?post=985"}]}}

<p>Calendrier anniversaire de l&rsquo;année 1998 (ne pas se fier à la date en haut à droite qui correspond à l&rsquo;année du dessin de la chapelle)</p>
