{"id":1896,"date":"2019-06-04T10:29:57","date_gmt":"2019-06-04T08:29:57","guid":{"rendered":"http:\/\/www.amisdebudange.fr\/wordpress\/?page_id=1896"},"modified":"2020-11-20T09:31:07","modified_gmt":"2020-11-20T08:31:07","slug":"circuit-chapelle","status":"publish","type":"page","link":"http:\/\/www.amisdebudange.fr\/wordpress\/circuit-chapelle\/","title":{"rendered":"Circuit"},"content":{"rendered":"<h2>Circuit autour de la chapelle de Budange<\/h2>\n<div style=\"text-align:center;margin:1.5em 0\">\n<img decoding=\"async\" src=\"http:\/\/www.amisdebudange.fr\/wordpress\/wp-content\/uploads\/2020\/11\/circuit-chapelle.jpg\" style=\"width:60%\"><\/div>\n<h2>Les panneaux<\/h2>\n<div style=\"border:1px solid #cba;font-align:justify;padding:0.2em;margin:1.5em 0;min-height:170px\">\n    <img loading=\"lazy\" decoding=\"async\" src=\"http:\/\/www.amisdebudange.fr\/wordpress\/wp-content\/uploads\/2020\/09\/panneau-1-scaled.jpg\" alt=\"Panneau 1\" style=\"float:left;margin:0.5em\" width=\"275\" height=\"150\"><\/p>\n<h2><a href=\"http:\/\/www.amisdebudange.fr\/wordpress\/circuit\/panneau-1\/\">Panneau 1 &#8211; Les Amis de Budange<\/a><\/h2>\n<p>Cette association fameckoise a \u00e9t\u00e9 cr\u00e9\u00e9e en 1983 pour faire revivre et promouvoir les f\u00eates et traditions d&rsquo;antan. La mise en valeur de la chapelle Sainte-Anne, \u00e9difice champ\u00eatre d&rsquo;une touchante simplicit\u00e9, pr\u00e9sent depuis des si\u00e8cles dans le paysage budangeois, est l&rsquo;une de ses actions.<\/p>\n<div style=\"text-align:right\"><a href=\"http:\/\/www.amisdebudange.fr\/wordpress\/circuit\/panneau-1\/\">Suite&#8230;<\/a><\/div>\n<\/div>\n<div style=\"border:1px solid #cba;font-align:justify;padding:0.2em;margin:1.5em 0;min-height:170px\">\n    <img loading=\"lazy\" decoding=\"async\" src=\"http:\/\/www.amisdebudange.fr\/wordpress\/wp-content\/uploads\/2020\/09\/panneau-2.jpg\" alt=\"Panneau 2\" style=\"float:left;margin:0.5em\" width=\"275\" height=\"150\"><\/p>\n<h2><a href=\"http:\/\/www.amisdebudange.fr\/wordpress\/circuit\/panneau-2\/\">Panneau 2 &#8211; L&rsquo;histoire de la chapelle Sainte-Anne<\/a><\/h2>\n<p>La chapelle fut \u00e9rig\u00e9e au XVIe si\u00e8cle, \u00e0 l&rsquo;\u00e9poque o\u00f9 l&rsquo;\u00e9glise catholique r\u00e9sistait \u00e0 la mont\u00e9e du protestantisme. Elle implique \u00e0 la fois la pastorale de l&rsquo;image d\u00e9velopp\u00e9e par l&rsquo;archpr\u00eatr\u00e9 de Rombas et l&rsquo;action en relais de sa plus grande abbaye des chanoines pr\u00e9montr\u00e9s : celle de Notre-Dame de Justemont, qui se trouvait sur la colline toute proche.<\/p>\n<div style=\"text-align:right\"><a href=\"http:\/\/www.amisdebudange.fr\/wordpress\/circuit\/panneau-2\/\">Suite&#8230;<\/a><\/div>\n<\/div>\n<div style=\"border:1px solid #cba;font-align:justify;padding:0.2em;margin:1.5em 0;min-height:170px\">\n    <img loading=\"lazy\" decoding=\"async\" src=\"http:\/\/www.amisdebudange.fr\/wordpress\/wp-content\/uploads\/2020\/11\/panneau-3.jpg\" alt=\"Panneau 3\" style=\"float:left;margin:0.5em\" width=\"275\" height=\"150\"><\/p>\n<h2><a href=\"http:\/\/www.amisdebudange.fr\/wordpress\/circuit\/panneau-3\/\">Panneau 3 &#8211; La chapelle de Budange en mai 2019<\/a><\/h2>\n<p>Petite chapelle champ\u00eatre, la chapelle Sainte-Anne est orient\u00e9e Ouest (la nef) &#8211; Est (la tour-clocher au-dessus du choeur). Elle est b\u00e2tie en calcaire jaine cr\u00e9pi. La nef est \u00e9tay\u00e9e de contreforts d&rsquo;angle \u00e0 cha\u00eenage et perc\u00e9e lat\u00e9ralement d&rsquo;une baie gothique.<\/p>\n<div style=\"text-align:right\"><a href=\"http:\/\/www.amisdebudange.fr\/wordpress\/circuit\/panneau-3\/\">Suite&#8230;<\/a><\/div>\n<\/div>\n<div style=\"border:1px solid #cba;font-align:justify;padding:0.2em;margin:1.5em 0;min-height:170px\">\n    <img loading=\"lazy\" decoding=\"async\" src=\"http:\/\/www.amisdebudange.fr\/wordpress\/wp-content\/uploads\/2020\/11\/panneau-4.jpg\" alt=\"Panneau 4\" style=\"float:left;margin:0.5em\" width=\"275\" height=\"150\"><\/p>\n<h2><a href=\"http:\/\/www.amisdebudange.fr\/wordpress\/circuit\/panneau-4\/\">Panneau 4 &#8211; La chapelle de Budange, descriptif int\u00e9rieur<\/a><\/h2>\n<p>Apr\u00e8s la nef de plan rectangle, aux murs et plafons droits, \u00e0 enduit de ton gris, une vo\u00fbte en plein cintre ouvre sur le choeur \u00e0 crois\u00e9e d&rsquo;ogives sur culs de lampe. Ce typiques du \u00ab\u00a0gothique\u00a0\u00bb lorrain tardif, c&rsquo;est-\u00e0-dire de la fin du XVIe si\u00e8cle.<\/p>\n<div style=\"text-align:right\"><a href=\"http:\/\/www.amisdebudange.fr\/wordpress\/circuit\/panneau-4\/\">Suite&#8230;<\/a><\/div>\n<\/div>\n<div style=\"border:1px solid #cba;font-align:justify;padding:0.2em;margin:1.5em 0;min-height:170px\">\n    <img loading=\"lazy\" decoding=\"async\" src=\"http:\/\/www.amisdebudange.fr\/wordpress\/wp-content\/uploads\/2020\/11\/panneau-5.jpg\" alt=\"Panneau 5\" style=\"float:left;margin:0.5em\" width=\"275\" height=\"150\"><\/p>\n<h2><a href=\"http:\/\/www.amisdebudange.fr\/wordpress\/circuit\/panneau-5\/\">Panneau 5 &#8211; La chapelle sous le patronnage de Sainte-Anne<\/a><\/h2>\n<p>Au Moyen-\u00e2ge, l&rsquo;abbaye Notre-Dame de Justemont \u00e9tait \u00e0 l&rsquo;origine du culte marial, qu&rsquo;elle a d\u00e9velopp\u00e9 dans notre r\u00e9gion. Au XVIe si\u00e8cle, pour ob\u00e9ir aux injonctions de la Contre-r\u00e9forme catholique, l&rsquo;abbye lui donna une nouvelle impulsion.<\/p>\n<div style=\"text-align:right\"><a href=\"http:\/\/www.amisdebudange.fr\/wordpress\/circuit\/panneau-5\/\">Suite&#8230;<\/a><\/div>\n<\/div>\n<div style=\"border:1px solid #cba;font-align:justify;padding:0.2em;margin:1.5em 0;min-height:170px\">\n    <img loading=\"lazy\" decoding=\"async\" src=\"http:\/\/www.amisdebudange.fr\/wordpress\/wp-content\/uploads\/2020\/11\/panneau-6.jpg\" alt=\"Panneau 6\" style=\"float:left;margin:0.5em\" width=\"275\" height=\"150\"><\/p>\n<h2><a href=\"http:\/\/www.amisdebudange.fr\/wordpress\/circuit\/panneau-6\/\">Panneau 6 &#8211; Les vergers<\/a><\/h2>\n<p>Les cerises que l&rsquo;on f\u00eatait \u00e0 Fameck au mois de juin avaient fait la c\u00e9l\u00e9brit\u00e9 des villages de la commune, comme les fraises, celle de Woippy.<\/p>\n<div style=\"text-align:right\"><a href=\"http:\/\/www.amisdebudange.fr\/wordpress\/circuit\/panneau-6\/\">Suite&#8230;<\/a><\/div>\n<\/div>\n<div style=\"border:1px solid #cba;font-align:justify;padding:0.2em;margin:1.5em 0;min-height:170px\">\n    <img loading=\"lazy\" decoding=\"async\" src=\"http:\/\/www.amisdebudange.fr\/wordpress\/wp-content\/uploads\/2020\/11\/panneau-7.jpg\" alt=\"Panneau 7\" style=\"float:left;margin:0.5em\" width=\"275\" height=\"150\"><\/p>\n<h2><a href=\"http:\/\/www.amisdebudange.fr\/wordpress\/circuit\/panneau-7\/\">Panneau 7 &#8211; Le jardins des chanoines de Justemont<\/a><\/h2>\n<p>C&rsquo;est aux abbayes que l&rsquo;on doit la premi\u00e8re forme th\u00e9orique du jardin m\u00e9di\u00e9val. C&rsquo;\u00e9tait un jardin imaginaire, con\u00e7u de fa\u00e7on \u00e0 lier l&rsquo;utilitaire (les plantes vivri\u00e8res et m\u00e9dicinales) \u00e0 la symbolique : le paradis perdu, un lieu de pri\u00e8re et de m\u00e9ditation.<\/p>\n<div style=\"text-align:right\"><a href=\"http:\/\/www.amisdebudange.fr\/wordpress\/circuit\/panneau-7\/\">Suite&#8230;<\/a><\/div>\n<\/div>\n<div style=\"border:1px solid #cba;font-align:justify;padding:0.2em;margin:1.5em 0;min-height:170px\">\n    <img loading=\"lazy\" decoding=\"async\" src=\"http:\/\/www.amisdebudange.fr\/wordpress\/wp-content\/uploads\/2020\/11\/panneau-8.jpg\" alt=\"Panneau 8\" style=\"float:left;margin:0.5em\" width=\"275\" height=\"150\"><\/p>\n<h2><a href=\"http:\/\/www.amisdebudange.fr\/wordpress\/circuit\/panneau-8\/\">Panneau 8 &#8211; Les chouettes<\/a><\/h2>\n<p>On l&rsquo;appelait autrefois effraie des clochers, car chaque \u00e9glise poss\u00e9dait son couple. H\u00e9las, l&rsquo;engrillagement de ces lieux a fait que la population de ce rapace strictement nocturne est en chute libre.<\/p>\n<div style=\"text-align:right\"><a href=\"http:\/\/www.amisdebudange.fr\/wordpress\/circuit\/panneau-8\/\">Suite&#8230;<\/a><\/div>\n<\/div>\n<div style=\"border:1px solid #cba;font-align:justify;padding:0.2em;margin:1.5em 0;min-height:170px\">\n    <img loading=\"lazy\" decoding=\"async\" src=\"http:\/\/www.amisdebudange.fr\/wordpress\/wp-content\/uploads\/2020\/11\/panneau-9.jpg\" alt=\"Panneau 9\" style=\"float:left;margin:0.5em\" width=\"275\" height=\"150\"><\/p>\n<h2><a href=\"http:\/\/www.amisdebudange.fr\/wordpress\/circuit\/panneau-9\/\">Panneau 9 &#8211; Les oiseaux des haies et des vergers<\/a><\/h2>\n<p>Pr\u00e9sentation du rouge queue \u00e0 front blanc, pic \u00e9peiche, merle, pigeon ramier et du rouge gorge.<\/p>\n<div style=\"text-align:right\"><a href=\"http:\/\/www.amisdebudange.fr\/wordpress\/circuit\/panneau-9\/\">Suite&#8230;<\/a><\/div>\n<\/div>\n<div style=\"border:1px solid #cba;font-align:justify;padding:0.2em;margin:1.5em 0;min-height:170px\">\n    <img loading=\"lazy\" decoding=\"async\" src=\"http:\/\/www.amisdebudange.fr\/wordpress\/wp-content\/uploads\/2020\/11\/panneau-10.jpg\" alt=\"Panneau 10\" style=\"float:left;margin:0.5em\" width=\"275\" height=\"150\"><\/p>\n<h2><a href=\"http:\/\/www.amisdebudange.fr\/wordpress\/circuit\/panneau-10\/\">Panneau 10 &#8211; Les oiseaux des haies et des vergers<\/a><\/h2>\n<p>Pr\u00e9sentation de la fauvette \u00e0 t\u00eate noire, m\u00e9sange charbonni\u00e8re, pie bavarde, de l&rsquo;\u00e9tourneau sansonnet et de la m\u00e9sange bleue.<\/p>\n<div style=\"text-align:right\"><a href=\"http:\/\/www.amisdebudange.fr\/wordpress\/circuit\/panneau-10\/\">Suite&#8230;<\/a><\/div>\n<\/div>\n","protected":false},"excerpt":{"rendered":"<p>Circuit autour de la chapelle de Budange Les panneaux Panneau 1 &#8211; Les Amis de Budange Cette association fameckoise a \u00e9t\u00e9 cr\u00e9\u00e9e en 1983 pour faire revivre et promouvoir les f\u00eates et traditions d&rsquo;antan.&#46;&#46;&#46;<\/p>\n","protected":false},"author":1,"featured_media":0,"parent":0,"menu_order":0,"comment_status":"closed","ping_status":"closed","template":"","meta":{"ngg_post_thumbnail":0,"footnotes":""},"class_list":["post-1896","page","type-page","status-publish","hentry"],"_links":{"self":[{"href":"http:\/\/www.amisdebudange.fr\/wordpress\/wp-json\/wp\/v2\/pages\/1896","targetHints":{"allow":["GET"]}}],"collection":[{"href":"http:\/\/www.amisdebudange.fr\/wordpress\/wp-json\/wp\/v2\/pages"}],"about":[{"href":"http:\/\/www.amisdebudange.fr\/wordpress\/wp-json\/wp\/v2\/types\/page"}],"author":[{"embeddable":true,"href":"http:\/\/www.amisdebudange.fr\/wordpress\/wp-json\/wp\/v2\/users\/1"}],"replies":[{"embeddable":true,"href":"http:\/\/www.amisdebudange.fr\/wordpress\/wp-json\/wp\/v2\/comments?post=1896"}],"version-history":[{"count":23,"href":"http:\/\/www.amisdebudange.fr\/wordpress\/wp-json\/wp\/v2\/pages\/1896\/revisions"}],"predecessor-version":[{"id":2121,"href":"http:\/\/www.amisdebudange.fr\/wordpress\/wp-json\/wp\/v2\/pages\/1896\/revisions\/2121"}],"wp:attachment":[{"href":"http:\/\/www.amisdebudange.fr\/wordpress\/wp-json\/wp\/v2\/media?parent=1896"}],"curies":[{"name":"wp","href":"https:\/\/api.w.org\/{rel}","templated":true}]}}

<h2>Circuit autour de la chapelle de Budange</h2>
<div style="text-align:center;margin:1.5em 0">
<img decoding="async" src="http://www.amisdebudange.fr/wordpress/wp-content/uploads/2020/11/circuit-chapelle.jpg" style="width:60%"></div>
<h2>Les panneaux</h2>
<div style="border:1px solid #cba;font-align:justify;padding:0.2em;margin:1.5em 0;min-height:170px">
    <img loading="lazy" decoding="async" src="http://www.amisdebudange.fr/wordpress/wp-content/uploads/2020/09/panneau-1-scaled.jpg" alt="Panneau 1" style="float:left;margin:0.5em" width="275" height="150"></p>
<h2><a href="http://www.amisdebudange.fr/wordpress/circuit/panneau-1/">Panneau 1 &#8211; Les Amis de Budange</a></h2>
<p>Cette association fameckoise a été créée en 1983 pour faire revivre et promouvoir les fêtes et traditions d&rsquo;antan. La mise en valeur de la chapelle Sainte-Anne, édifice champêtre d&rsquo;une touchante simplicité, présent depuis des siècles dans le paysage budangeois, est l&rsquo;une de ses actions.</p>
<div style="text-align:right"><a href="http://www.amisdebudange.fr/wordpress/circuit/panneau-1/">Suite&#8230;</a></div>
</div>
<div style="border:1px solid #cba;font-align:justify;padding:0.2em;margin:1.5em 0;min-height:170px">
    <img loading="lazy" decoding="async" src="http://www.amisdebudange.fr/wordpress/wp-content/uploads/2020/09/panneau-2.jpg" alt="Panneau 2" style="float:left;margin:0.5em" width="275" height="150"></p>
<h2><a href="http://www.amisdebudange.fr/wordpress/circuit/panneau-2/">Panneau 2 &#8211; L&rsquo;histoire de la chapelle Sainte-Anne</a></h2>
<p>La chapelle fut érigée au XVIe siècle, à l&rsquo;époque où l&rsquo;église catholique résistait à la montée du protestantisme. Elle implique à la fois la pastorale de l&rsquo;image développée par l&rsquo;archprêtré de Rombas et l&rsquo;action en relais de sa plus grande abbaye des chanoines prémontrés : celle de Notre-Dame de Justemont, qui se trouvait sur la colline toute proche.</p>
<div style="text-align:right"><a href="http://www.amisdebudange.fr/wordpress/circuit/panneau-2/">Suite&#8230;</a></div>
</div>
<div style="border:1px solid #cba;font-align:justify;padding:0.2em;margin:1.5em 0;min-height:170px">
    <img loading="lazy" decoding="async" src="http://www.amisdebudange.fr/wordpress/wp-content/uploads/2020/11/panneau-3.jpg" alt="Panneau 3" style="float:left;margin:0.5em" width="275" height="150"></p>
<h2><a href="http://www.amisdebudange.fr/wordpress/circuit/panneau-3/">Panneau 3 &#8211; La chapelle de Budange en mai 2019</a></h2>
<p>Petite chapelle champêtre, la chapelle Sainte-Anne est orientée Ouest (la nef) &#8211; Est (la tour-clocher au-dessus du choeur). Elle est bâtie en calcaire jaine crépi. La nef est étayée de contreforts d&rsquo;angle à chaînage et percée latéralement d&rsquo;une baie gothique.</p>
<div style="text-align:right"><a href="http://www.amisdebudange.fr/wordpress/circuit/panneau-3/">Suite&#8230;</a></div>
</div>
<div style="border:1px solid #cba;font-align:justify;padding:0.2em;margin:1.5em 0;min-height:170px">
    <img loading="lazy" decoding="async" src="http://www.amisdebudange.fr/wordpress/wp-content/uploads/2020/11/panneau-4.jpg" alt="Panneau 4" style="float:left;margin:0.5em" width="275" height="150"></p>
<h2><a href="http://www.amisdebudange.fr/wordpress/circuit/panneau-4/">Panneau 4 &#8211; La chapelle de Budange, descriptif intérieur</a></h2>
<p>Après la nef de plan rectangle, aux murs et plafons droits, à enduit de ton gris, une voûte en plein cintre ouvre sur le choeur à croisée d&rsquo;ogives sur culs de lampe. Ce typiques du « gothique » lorrain tardif, c&rsquo;est-à-dire de la fin du XVIe siècle.</p>
<div style="text-align:right"><a href="http://www.amisdebudange.fr/wordpress/circuit/panneau-4/">Suite&#8230;</a></div>
</div>
<div style="border:1px solid #cba;font-align:justify;padding:0.2em;margin:1.5em 0;min-height:170px">
    <img loading="lazy" decoding="async" src="http://www.amisdebudange.fr/wordpress/wp-content/uploads/2020/11/panneau-5.jpg" alt="Panneau 5" style="float:left;margin:0.5em" width="275" height="150"></p>
<h2><a href="http://www.amisdebudange.fr/wordpress/circuit/panneau-5/">Panneau 5 &#8211; La chapelle sous le patronnage de Sainte-Anne</a></h2>
<p>Au Moyen-âge, l&rsquo;abbaye Notre-Dame de Justemont était à l&rsquo;origine du culte marial, qu&rsquo;elle a développé dans notre région. Au XVIe siècle, pour obéir aux injonctions de la Contre-réforme catholique, l&rsquo;abbye lui donna une nouvelle impulsion.</p>
<div style="text-align:right"><a href="http://www.amisdebudange.fr/wordpress/circuit/panneau-5/">Suite&#8230;</a></div>
</div>
<div style="border:1px solid #cba;font-align:justify;padding:0.2em;margin:1.5em 0;min-height:170px">
    <img loading="lazy" decoding="async" src="http://www.amisdebudange.fr/wordpress/wp-content/uploads/2020/11/panneau-6.jpg" alt="Panneau 6" style="float:left;margin:0.5em" width="275" height="150"></p>
<h2><a href="http://www.amisdebudange.fr/wordpress/circuit/panneau-6/">Panneau 6 &#8211; Les vergers</a></h2>
<p>Les cerises que l&rsquo;on fêtait à Fameck au mois de juin avaient fait la célébrité des villages de la commune, comme les fraises, celle de Woippy.</p>
<div style="text-align:right"><a href="http://www.amisdebudange.fr/wordpress/circuit/panneau-6/">Suite&#8230;</a></div>
</div>
<div style="border:1px solid #cba;font-align:justify;padding:0.2em;margin:1.5em 0;min-height:170px">
    <img loading="lazy" decoding="async" src="http://www.amisdebudange.fr/wordpress/wp-content/uploads/2020/11/panneau-7.jpg" alt="Panneau 7" style="float:left;margin:0.5em" width="275" height="150"></p>
<h2><a href="http://www.amisdebudange.fr/wordpress/circuit/panneau-7/">Panneau 7 &#8211; Le jardins des chanoines de Justemont</a></h2>
<p>C&rsquo;est aux abbayes que l&rsquo;on doit la première forme théorique du jardin médiéval. C&rsquo;était un jardin imaginaire, conçu de façon à lier l&rsquo;utilitaire (les plantes vivrières et médicinales) à la symbolique : le paradis perdu, un lieu de prière et de méditation.</p>
<div style="text-align:right"><a href="http://www.amisdebudange.fr/wordpress/circuit/panneau-7/">Suite&#8230;</a></div>
</div>
<div style="border:1px solid #cba;font-align:justify;padding:0.2em;margin:1.5em 0;min-height:170px">
    <img loading="lazy" decoding="async" src="http://www.amisdebudange.fr/wordpress/wp-content/uploads/2020/11/panneau-8.jpg" alt="Panneau 8" style="float:left;margin:0.5em" width="275" height="150"></p>
<h2><a href="http://www.amisdebudange.fr/wordpress/circuit/panneau-8/">Panneau 8 &#8211; Les chouettes</a></h2>
<p>On l&rsquo;appelait autrefois effraie des clochers, car chaque église possédait son couple. Hélas, l&rsquo;engrillagement de ces lieux a fait que la population de ce rapace strictement nocturne est en chute libre.</p>
<div style="text-align:right"><a href="http://www.amisdebudange.fr/wordpress/circuit/panneau-8/">Suite&#8230;</a></div>
</div>
<div style="border:1px solid #cba;font-align:justify;padding:0.2em;margin:1.5em 0;min-height:170px">
    <img loading="lazy" decoding="async" src="http://www.amisdebudange.fr/wordpress/wp-content/uploads/2020/11/panneau-9.jpg" alt="Panneau 9" style="float:left;margin:0.5em" width="275" height="150"></p>
<h2><a href="http://www.amisdebudange.fr/wordpress/circuit/panneau-9/">Panneau 9 &#8211; Les oiseaux des haies et des vergers</a></h2>
<p>Présentation du rouge queue à front blanc, pic épeiche, merle, pigeon ramier et du rouge gorge.</p>
<div style="text-align:right"><a href="http://www.amisdebudange.fr/wordpress/circuit/panneau-9/">Suite&#8230;</a></div>
</div>
<div style="border:1px solid #cba;font-align:justify;padding:0.2em;margin:1.5em 0;min-height:170px">
    <img loading="lazy" decoding="async" src="http://www.amisdebudange.fr/wordpress/wp-content/uploads/2020/11/panneau-10.jpg" alt="Panneau 10" style="float:left;margin:0.5em" width="275" height="150"></p>
<h2><a href="http://www.amisdebudange.fr/wordpress/circuit/panneau-10/">Panneau 10 &#8211; Les oiseaux des haies et des vergers</a></h2>
<p>Présentation de la fauvette à tête noire, mésange charbonnière, pie bavarde, de l&rsquo;étourneau sansonnet et de la mésange bleue.</p>
<div style="text-align:right"><a href="http://www.amisdebudange.fr/wordpress/circuit/panneau-10/">Suite&#8230;</a></div>
</div>

<p>Circuit autour de la chapelle de Budange Les panneaux Panneau 1 &#8211; Les Amis de Budange Cette association fameckoise a été créée en 1983 pour faire revivre et promouvoir les fêtes et traditions d&rsquo;antan.&#46;&#46;&#46;</p>
