{"id":1930,"date":"2019-06-05T17:09:23","date_gmt":"2019-06-05T15:09:23","guid":{"rendered":"http:\/\/www.amisdebudange.fr\/wordpress\/?page_id=1930"},"modified":"2020-11-20T10:48:53","modified_gmt":"2020-11-20T09:48:53","slug":"panneau-4","status":"publish","type":"page","link":"http:\/\/www.amisdebudange.fr\/wordpress\/circuit-chapelle\/panneau-4\/","title":{"rendered":"Panneau 4 &#8211; Descriptif int\u00e9rieur"},"content":{"rendered":"<p><img decoding=\"async\" style=\"float:right;margin:0.5em\" src=\"http:\/\/www.amisdebudange.fr\/wordpress\/wp-content\/uploads\/2020\/11\/panneau-4.jpg\"><\/p>\n<h2>Descriptif int\u00e9rieur<\/h2>\n<div style=\"text-align:justify;margin:1em 0\">\n    Apr\u00e8s la <a href=\"#lexique-nef\">nef*<\/a> de plan rectangle, aux murs et plafonds droits, \u00e0 enduit de ton gris, une vo\u00fbte en plein cintre ouvre sur le ch\u0153ur \u00e0 crois\u00e9e d&rsquo;<a href=\"#lexique-ogive\">ogives*<\/a> sur <a href=\"#lexique-culs-de-lampe\">culs de lampe*<\/a>. Ce sont l\u00e0 des \u00e9l\u00e9ments typiques du \u00ab\u00a0gothique\u00a0\u00bb lorrain tardif, c&rsquo;est-\u00e0-dire de la fin du XVIe si\u00e8cle.<\/div>\n<div style=\"text-align:justify;margin:1em 0\">\n    Au fond du <a href=\"#lexique-choeur\">ch\u0153ur*<\/a>; une fresque aux couleurs sombres, peinte en 1960 par A. de Schischmare, d&rsquo;o\u00f9 jaillit un soleil rayonnant et le triangle \u00e9quilat\u00e9ral symbolisant la <a href=\"#lexique-sainte-trinite\">Sainte Trinit\u00e9**<\/a>, accompagn\u00e9 de deux t\u00eates d&rsquo;anges. Un faisceau de lumi\u00e8re symbolisant l&rsquo;amour divin descend en s&rsquo;\u00e9largissant sur la terre et \u00e9claire un crucifix repr\u00e9sentant le Christ r\u00e9dempteur. \u00c0 ses pieds, l&rsquo;autel et le <a href=\"#lexique-tabernacle\">tabernacle*<\/a> en bois sont rehauss\u00e9s de lignes, dessins g\u00e9om\u00e9triques et <a href=\"#lexique-rinceaux\">rinceaux*<\/a> dor\u00e9s <a href=\"#lexique-baroque\">baroques*<\/a>.<\/div>\n<div style=\"text-align:justify;margin:1em 0\">\n    \u00c0 gauche de la <a href=\"#lexique-nef\">nef*<\/a>, une niche abrite un <a href=\"#lexique-relief\">relief*<\/a> : une sculpture repr\u00e9sentant l&rsquo;\u00c9ducation de la Vierge (datant vraisemblablement du XVIe si\u00e8cle). Peut-\u00eatre est-ce la fameuse statue errante de la l\u00e9gende ?<\/div>\n<div style=\"text-align:justify;margin:1em 0\">\n    De facture populaire, le <a href=\"#lexique-relief\">relief*<\/a> en pierre <a href=\"#lexique-polychrome\">polychrome*<\/a> o\u00f9 domine le vert, pr\u00e9sente sainte Anne assise, un voile sur la chevelure. Elle est v\u00eatue comme l&rsquo;\u00e9taient les femmes de la Renaissance, d&rsquo;une robe aux manches bouffantes \u00e0 \u00ab\u00a0crev\u00e9s\u00a0\u00bb (des fentes laissant apercevoir la doublure rouge). Sainte-Anne tient affectueusement sa fille enfant, debout devant un prie-Dieu, portant le Livre (la Bible).<\/div>\n<div style=\"text-align:justify;margin:1em 0\">\n    Quatre vitraux de style <a href=\"#lexique-moyenageux\">moyen\u00e2geux*<\/a>, datant peut-\u00eatre de 1888, \u00e9clairent la chapelle. Dans le <a href=\"#lexique-choeur\">choeur*<\/a>, Marie \u00e0 gauche, le Christ \u00e0 droite. Dans la <a href=\"#lexique-nef\">nef*<\/a>, sainte Anne \u00e0 gauche, saint Joseph \u00e0 droite. Un <a href=\"#lexique-chemin-de-croix\">chemin de croix*<\/a>, diverse statues blanchies tr\u00e8s \u00ab\u00a0<a href=\"#lexique-sulpicienne\">sulpiciennes\u00a0\u00bb**<\/a>, un petit crucifix et quelques autres objets religieux compl\u00e8tent l&rsquo;art liturgique de la chapelle.<\/div>\n<div style=\"text-align:justify;margin:1em 0\">\n<h3>Lexique architectural<\/h3>\n<ul>\n<li id=\"lexique-baroque\"><strong>BAROQUE : <\/strong><\/li>\n<li id=\"lexique-chemin-de-croix\"><strong>CHEMIN DE CROIX :<\/strong> dans l&rsquo;\u00c9glise catholique, le chemin de croix est un itin\u00e9raire, g\u00e9n\u00e9ralement inscrit sur les murs int\u00e9rieurs d&rsquo;un \u00e9difice, permettant la m\u00e9ditation et le recueillement, rappelant chacune des \u00e9tapes (ou stations) du chemin suivi par le Christ depuis la salle de son proc\u00e8s jusqu&rsquo;\u00e0 sa crucifixion. Sur les 14 stations propos\u00e9es, seules 8 sont mentionn\u00e9es par les \u00c9vangiles.<\/li>\n<li id=\"lexique-choeur\"><strong>CH\u0152UR : <\/strong> partie la plus sacr\u00e9e de la nef d&rsquo;une \u00e9glise situ\u00e9e devant le ma\u00eetre-autel, o\u00f9 se placent les pr\u00eatres et les chanteurs pendant l&rsquo;office religieux (le mot ch\u0153ur vient d&rsquo;ailleurs de \u00ab&nbsp;chantres&nbsp;\u00bb).<\/li>\n<li id=\"lexique-ogive\"><strong>CROIS\u00c9E D&rsquo;OGIVES : <\/strong> vo\u00fbte constitu\u00e9e d&rsquo;arcs dispos\u00e9s diagonalement qu\u2019on appelle ogives. Elles se croisent au centre sur une clef. Sur elles,  reposent les vo\u00fbtains (ou compartiments).<\/li>\n<li id=\"lexique-culs-de-lampe\"><strong>CULS DE LAMPE : <\/strong> petit ouvrage en surplomb pour supporter par exemple la retomb\u00e9e d&rsquo;un arc (C\u2019est le cas dans la chapelle).<\/li>\n<li id=\"lexique-moyenageux\"><strong>MOYEN\u00c2GEUX : <\/strong> qui concerne le Moyen \u00c2ge.<\/li>\n<li id=\"lexique-nef\"><strong>NEF :<\/strong> partie d\u2019une \u00e9glise  comprise entre le portail et le ch\u0153ur. C&rsquo;est dans la nef que se tiennent les fid\u00e8les, le regard tourn\u00e9 vers l&rsquo;autel et vers l&rsquo;est.<\/li>\n<li id=\"lexique-polychrome\"><strong>POLYCHROME :<\/strong> \u00e9tat de ce qui a diverses couleurs, \u00e0 l&rsquo;exemple du relief-statuaire de la chapelle.<\/li>\n<li id=\"lexique-relief\"><strong>RELIEF : <\/strong> (visible en entrant dans la chapelle, dans une niche \u00e0 gauche)&nbsp;: sculpture ornementale figurant dans un m\u00eame bloc de pierre l&rsquo;\u00c9ducation de la Vierge.  On voit Sainte Anne tenant affectueusement Marie sa fille, debout devant un prie-Dieu portant le Livre. (la Bible)<\/li>\n<li id=\"lexique-rinceaux\"><strong>RINCEAUX : <\/strong> motifs de rameaux en volutes.<\/li>\n<li id=\"lexique-tabernacle\"><strong>TABERNACLE : <\/strong> dans le culte catholique, petite armoire r\u00e9serv\u00e9e aux hosties consacr\u00e9es (et qui avait jadis la forme d&rsquo;une \u00e9glise miniature).<\/li>\n<\/ul>\n<h3>Lexique religieux<\/h3>\n<ul>\n<li id=\"lexique-sainte-trinite\"><strong>SAINTE TRINIT\u00c9 :<\/strong> dogme (croyance) fondamental du christianisme pr\u00e9cisant qu&rsquo;un seul Dieu existe en trois personnes, le P\u00e8re, le Fils et le Saint-Esprit.<\/li>\n<li id=\"lexique-sulpicienne\"><strong>SULPICIENNE :<\/strong> r\u00e9f\u00e9rence \u00e0 une statuaire largement diffus\u00e9e dans les \u00e9glises aux XIXe et d\u00e9but XXe si\u00e8cles dans le but de relancer la foi, pour \u00e9mouvoir et \u00e9difier le fid\u00e8le \u00e0 la compassion \u00ab&nbsp;sulpicienne&nbsp;\u00bb. Mais cette  statuaire en pl\u00e2tre polychrome  para\u00eet quelque peu conventionnelle et standardis\u00e9e&nbsp;et\u2026 un peu vide de foi.<\/li>\n<\/ul>\n<\/div>\n","protected":false},"excerpt":{"rendered":"<p>Descriptif int\u00e9rieur Apr\u00e8s la nef* de plan rectangle, aux murs et plafonds droits, \u00e0 enduit de ton gris, une vo\u00fbte en plein cintre ouvre sur le ch\u0153ur \u00e0 crois\u00e9e d&rsquo;ogives* sur culs de lampe*.&#46;&#46;&#46;<\/p>\n","protected":false},"author":1,"featured_media":0,"parent":1896,"menu_order":0,"comment_status":"closed","ping_status":"closed","template":"","meta":{"ngg_post_thumbnail":0,"footnotes":""},"class_list":["post-1930","page","type-page","status-publish","hentry"],"_links":{"self":[{"href":"http:\/\/www.amisdebudange.fr\/wordpress\/wp-json\/wp\/v2\/pages\/1930","targetHints":{"allow":["GET"]}}],"collection":[{"href":"http:\/\/www.amisdebudange.fr\/wordpress\/wp-json\/wp\/v2\/pages"}],"about":[{"href":"http:\/\/www.amisdebudange.fr\/wordpress\/wp-json\/wp\/v2\/types\/page"}],"author":[{"embeddable":true,"href":"http:\/\/www.amisdebudange.fr\/wordpress\/wp-json\/wp\/v2\/users\/1"}],"replies":[{"embeddable":true,"href":"http:\/\/www.amisdebudange.fr\/wordpress\/wp-json\/wp\/v2\/comments?post=1930"}],"version-history":[{"count":5,"href":"http:\/\/www.amisdebudange.fr\/wordpress\/wp-json\/wp\/v2\/pages\/1930\/revisions"}],"predecessor-version":[{"id":2125,"href":"http:\/\/www.amisdebudange.fr\/wordpress\/wp-json\/wp\/v2\/pages\/1930\/revisions\/2125"}],"up":[{"embeddable":true,"href":"http:\/\/www.amisdebudange.fr\/wordpress\/wp-json\/wp\/v2\/pages\/1896"}],"wp:attachment":[{"href":"http:\/\/www.amisdebudange.fr\/wordpress\/wp-json\/wp\/v2\/media?parent=1930"}],"curies":[{"name":"wp","href":"https:\/\/api.w.org\/{rel}","templated":true}]}}