{"id":2074,"date":"2020-11-01T14:48:25","date_gmt":"2020-11-01T13:48:25","guid":{"rendered":"http:\/\/www.amisdebudange.fr\/wordpress\/?page_id=2074"},"modified":"2020-11-28T11:19:51","modified_gmt":"2020-11-28T10:19:51","slug":"panneau-7","status":"publish","type":"page","link":"http:\/\/www.amisdebudange.fr\/wordpress\/circuit-chapelle\/panneau-7\/","title":{"rendered":"Panneau 7 &#8211; Les jardins des chanoines de Justemont"},"content":{"rendered":"<p><img decoding=\"async\" style=\"float:right;margin:0.5em\" src=\"http:\/\/www.amisdebudange.fr\/wordpress\/wp-content\/uploads\/2020\/11\/panneau-7.jpg\"><\/p>\n<h2>Les jardins des chanoines de Justemont<\/h2>\n<h3>\u00c9vocation d&rsquo;un jardin m\u00e9di\u00e9val<\/h3>\n<div style=\"text-align:justify;margin:1em 0\">\nC&rsquo;est aux abbayes que l&rsquo;on doit la premi\u00e8re forme th\u00e9orique du jardin m\u00e9di\u00e9val. C&rsquo;\u00e9tait un jardin imaginaire, con\u00e7u de fa\u00e7on \u00e0 lier l&rsquo;utilitaire (les plantes vivri\u00e8res et m\u00e9dicinales) \u00e0 la symbolique : le paradis perdu, un lieu de pri\u00e8re et de m\u00e9ditation.<\/div>\n<div style=\"text-align:justify;margin:1em 0\">\nC&rsquo;est un jardin clos, divis\u00e9 en quatre carr\u00e9s, \u00e9voquant les quatre fleuves du paradis et le carr\u00e9 de la terre, qui comporte :<\/div>\n<ul>\n<li>Un Carr\u00e9 des simples ou Herbularius (Herbularium) aux plantes m\u00e9dicinales et condimentaires.<\/li>\n<li>Un Carr\u00e9 dit : Jardin de l&rsquo;Amour ou Qu\u00eate de l&rsquo;\u00catre aim\u00e9, avec pivoines, rosiers et lys blancs.<\/li>\n<li>Un Carr\u00e9 potager ou Hortus contenant des plantes l\u00e9gumineuses et comestibles.<\/li>\n<li>Un Carr\u00e9 des Senteurs avec lavandes, fenouil, laurier-sauce, ciboulette, corbeille d&rsquo;argent.<\/li>\n<\/ul>\n<div style=\"text-align:justify;margin:1em 0\">\nTel \u00e9tait l&rsquo;esprit du Jardin m\u00e9di\u00e9val que nous avons voulu faire vivre ici.<\/div>\n","protected":false},"excerpt":{"rendered":"<p>Les jardins des chanoines de Justemont \u00c9vocation d&rsquo;un jardin m\u00e9di\u00e9val C&rsquo;est aux abbayes que l&rsquo;on doit la premi\u00e8re forme th\u00e9orique du jardin m\u00e9di\u00e9val. C&rsquo;\u00e9tait un jardin imaginaire, con\u00e7u de fa\u00e7on \u00e0 lier l&rsquo;utilitaire (les&#46;&#46;&#46;<\/p>\n","protected":false},"author":1,"featured_media":0,"parent":1896,"menu_order":0,"comment_status":"closed","ping_status":"closed","template":"","meta":{"ngg_post_thumbnail":0,"footnotes":""},"class_list":["post-2074","page","type-page","status-publish","hentry"],"_links":{"self":[{"href":"http:\/\/www.amisdebudange.fr\/wordpress\/wp-json\/wp\/v2\/pages\/2074","targetHints":{"allow":["GET"]}}],"collection":[{"href":"http:\/\/www.amisdebudange.fr\/wordpress\/wp-json\/wp\/v2\/pages"}],"about":[{"href":"http:\/\/www.amisdebudange.fr\/wordpress\/wp-json\/wp\/v2\/types\/page"}],"author":[{"embeddable":true,"href":"http:\/\/www.amisdebudange.fr\/wordpress\/wp-json\/wp\/v2\/users\/1"}],"replies":[{"embeddable":true,"href":"http:\/\/www.amisdebudange.fr\/wordpress\/wp-json\/wp\/v2\/comments?post=2074"}],"version-history":[{"count":5,"href":"http:\/\/www.amisdebudange.fr\/wordpress\/wp-json\/wp\/v2\/pages\/2074\/revisions"}],"predecessor-version":[{"id":2132,"href":"http:\/\/www.amisdebudange.fr\/wordpress\/wp-json\/wp\/v2\/pages\/2074\/revisions\/2132"}],"up":[{"embeddable":true,"href":"http:\/\/www.amisdebudange.fr\/wordpress\/wp-json\/wp\/v2\/pages\/1896"}],"wp:attachment":[{"href":"http:\/\/www.amisdebudange.fr\/wordpress\/wp-json\/wp\/v2\/media?parent=2074"}],"curies":[{"name":"wp","href":"https:\/\/api.w.org\/{rel}","templated":true}]}}

<p><img decoding="async" style="float:right;margin:0.5em" src="http://www.amisdebudange.fr/wordpress/wp-content/uploads/2020/11/panneau-7.jpg"></p>
<h2>Les jardins des chanoines de Justemont</h2>
<h3>Évocation d&rsquo;un jardin médiéval</h3>
<div style="text-align:justify;margin:1em 0">
C&rsquo;est aux abbayes que l&rsquo;on doit la première forme théorique du jardin médiéval. C&rsquo;était un jardin imaginaire, conçu de façon à lier l&rsquo;utilitaire (les plantes vivrières et médicinales) à la symbolique : le paradis perdu, un lieu de prière et de méditation.</div>
<div style="text-align:justify;margin:1em 0">
C&rsquo;est un jardin clos, divisé en quatre carrés, évoquant les quatre fleuves du paradis et le carré de la terre, qui comporte :</div>
<ul>
<li>Un Carré des simples ou Herbularius (Herbularium) aux plantes médicinales et condimentaires.</li>
<li>Un Carré dit : Jardin de l&rsquo;Amour ou Quête de l&rsquo;Être aimé, avec pivoines, rosiers et lys blancs.</li>
<li>Un Carré potager ou Hortus contenant des plantes légumineuses et comestibles.</li>
<li>Un Carré des Senteurs avec lavandes, fenouil, laurier-sauce, ciboulette, corbeille d&rsquo;argent.</li>
</ul>
<div style="text-align:justify;margin:1em 0">
Tel était l&rsquo;esprit du Jardin médiéval que nous avons voulu faire vivre ici.</div>

<p>Les jardins des chanoines de Justemont Évocation d&rsquo;un jardin médiéval C&rsquo;est aux abbayes que l&rsquo;on doit la première forme théorique du jardin médiéval. C&rsquo;était un jardin imaginaire, conçu de façon à lier l&rsquo;utilitaire (les&#46;&#46;&#46;</p>
