{"id":2320,"date":"2026-03-14T13:56:32","date_gmt":"2026-03-14T12:56:32","guid":{"rendered":"http:\/\/www.amisdebudange.fr\/wordpress\/?page_id=2320"},"modified":"2026-03-14T13:57:25","modified_gmt":"2026-03-14T12:57:25","slug":"chasse-aux-oeufs-2026","status":"publish","type":"page","link":"http:\/\/www.amisdebudange.fr\/wordpress\/chasse-aux-oeufs-2026\/","title":{"rendered":"Chasse aux oeufs 2026"},"content":{"rendered":"<p><img decoding=\"async\" src=\"http:\/\/www.amisdebudange.fr\/wordpress\/wp-content\/uploads\/2026\/03\/chasse-aux-oeufs-2026.png\" alt=\"\" style=\"float:right;width:35%;margin:0.5em\"><\/p>\n<div style=\"text-align:justify\">\nLe <strong>lundi 6 avril<\/strong> 2026, l&rsquo;association organise sa traditionnelle chasse aux \u0153ufs pour les enfants de 2 \u00e0 10 ans. Une inscription pr\u00e9alable est requise. Une buvette est pr\u00e9vue sur place<\/p>\n<\/div>\n<div style=\"text-align:justify\">\nAfin d&rsquo;am\u00e9liorer l&rsquo;organisation de l\u2019\u00e9v\u00e9nement, quelques points importants :<\/p>\n<h6>Inscription en ligne uniquement<\/h6>\n<p>Toutes les inscriptions devront se faire via le formulaire ci-dessous <strong>avant le samedi 4 avril<\/strong> et le nombre de place est limit\u00e9e \u00e0 <strong>120<\/strong>. Pass\u00e9es ces limites, il ne sera malheureusement plus possible de s&rsquo;inscrire.<\/p>\n<h6>Plages horaires<\/h6>\n<p>Afin d&rsquo;\u00e9taler au mieux les arriv\u00e9es, \u00e0 l&rsquo;inscription, il vous est demand\u00e9 de s\u00e9lectionner une plage horaire. Merci de bien vouloir respecter l&rsquo;heure de d\u00e9but le jour de l\u2019\u00e9v\u00e9nement.<\/p>\n<h6>\u00c0 partir de 2 ans<\/h6>\n<p>Le li\u00e8vre de P\u00e2que ne peux pas assurer la distribution de chocolat aux enfants de moins de 2ans. Ils pourront n\u00e9anmoins participer gratuitement \u00e0 la chasse aux oeufs.<\/p>\n<h6>Billet d&rsquo;inscription<\/h6>\n<p>Il est imp\u00e9ratif de vous munir de votre billet d&rsquo;inscription le jour de l&rsquo;\u00e9v\u00e9nement. Ce billet, contenant un QR code unique, vous sera envoy\u00e9 par email d\u00e8s la validation de votre inscription.<\/p>\n<h6>Prix<\/h6>\n<p>Une participation de <strong>4\u20ac par enfant<\/strong> est n\u00e9cessaire.<\/p>\n<\/div>\n<p><a title=\"Logiciel billetterie en ligne\"\n   href=\"https:\/\/weezevent.com\/?c=sys_widget\"\n   class=\"weezevent-widget-integration\"\n   data-src=\"https:\/\/widget.weezevent.com\/ticket\/E1811505\/?code=73924&#038;locale=fr-FR&#038;width_auto=1&#038;color_primary=00AEEF\"\n   data-width=\"650\"\n   data-height=\"600\"\n   data-id=\"1811505\"\n   data-resize=\"1\"\n   data-width_auto=\"1\"\n   data-noscroll=\"0\"\n   data-use-container=\"yes\"\n   data-type=\"neo\"\n   target=\"_blank\">Billetterie Weezevent<\/a><br \/>\n<script type=\"text\/javascript\" src=\"https:\/\/widget.weezevent.com\/weez.js\"><\/script><\/p>\n","protected":false},"excerpt":{"rendered":"<p>Le lundi 6 avril 2026, l&rsquo;association organise sa traditionnelle chasse aux \u0153ufs pour les enfants de 2 \u00e0 10 ans. Une inscription pr\u00e9alable est requise. Une buvette est pr\u00e9vue sur place Afin d&rsquo;am\u00e9liorer l&rsquo;organisation&#46;&#46;&#46;<\/p>\n","protected":false},"author":1,"featured_media":2322,"parent":0,"menu_order":0,"comment_status":"closed","ping_status":"closed","template":"","meta":{"ngg_post_thumbnail":0,"footnotes":""},"class_list":["post-2320","page","type-page","status-publish","has-post-thumbnail","hentry"],"_links":{"self":[{"href":"http:\/\/www.amisdebudange.fr\/wordpress\/wp-json\/wp\/v2\/pages\/2320","targetHints":{"allow":["GET"]}}],"collection":[{"href":"http:\/\/www.amisdebudange.fr\/wordpress\/wp-json\/wp\/v2\/pages"}],"about":[{"href":"http:\/\/www.amisdebudange.fr\/wordpress\/wp-json\/wp\/v2\/types\/page"}],"author":[{"embeddable":true,"href":"http:\/\/www.amisdebudange.fr\/wordpress\/wp-json\/wp\/v2\/users\/1"}],"replies":[{"embeddable":true,"href":"http:\/\/www.amisdebudange.fr\/wordpress\/wp-json\/wp\/v2\/comments?post=2320"}],"version-history":[{"count":3,"href":"http:\/\/www.amisdebudange.fr\/wordpress\/wp-json\/wp\/v2\/pages\/2320\/revisions"}],"predecessor-version":[{"id":2325,"href":"http:\/\/www.amisdebudange.fr\/wordpress\/wp-json\/wp\/v2\/pages\/2320\/revisions\/2325"}],"wp:featuredmedia":[{"embeddable":true,"href":"http:\/\/www.amisdebudange.fr\/wordpress\/wp-json\/wp\/v2\/media\/2322"}],"wp:attachment":[{"href":"http:\/\/www.amisdebudange.fr\/wordpress\/wp-json\/wp\/v2\/media?parent=2320"}],"curies":[{"name":"wp","href":"https:\/\/api.w.org\/{rel}","templated":true}]}}